 is 11111100001 + 1010111101011111?
1011011101000000
In base 16, what is 3 - 7a90?
-7a8d
In base 13, what is b5 + 2198a9?
219991
In base 13, what is -2 + -589c6c?
-589c71
In base 10, what is 47130232 + -3?
47130229
In base 12, what is -730ba06b - 2?
-730ba071
In base 9, what is -11 + -42408851?
-42408862
In base 6, what is 15202 - 433133?
-413531
In base 6, what is 33245 + -14342?
14503
In base 12, what is -42249a + 5?
-422495
In base 13, what is -30a516 - -63?
-30a483
In base 6, what is 151200135 + -4?
151200131
In base 7, what is -332 + 3306650?
3306315
In base 8, what is 27 + 5751670?
5751717
In base 7, what is 2036066610 + 0?
2036066610
In base 3, what is 12022020011 - 1011002?
12021002002
In base 13, what is c48aaa - -3?
c48ab0
In base 15, what is -4 + -323885?
-323889
In base 5, what is -4143033 + 2144?
-4140334
In base 9, what is 2668862152 - 3?
2668862148
In base 6, what is 140512555 + -4?
140512551
In base 16, what is 2492 + 27d?
270f
In base 4, what is -1121301 + 121031?
-1000210
In base 14, what is -133 + 85a9?
8476
In base 2, what is -11101000111010110101000110 + -10?
-11101000111010110101001000
In base 9, what is -48 - 3201074?
-3201133
In base 2, what is 1100000101011101110 - -100011000?
1100000110000000110
In base 9, what is 406266 + -270?
405886
In base 12, what is 37b2b3344 - 0?
37b2b3344
In base 6, what is 15500 - -110?
20010
In base 7, what is -5000634311 - -5?
-5000634303
In base 8, what is 15544530 + 25?
15544555
In base 10, what is 8 - -3741377?
3741385
In base 3, what is -10100212002012 - -10?
-10100212002002
In base 4, what is 0 - -30200011102?
30200011102
In base 9, what is -33108 - -63?
-33035
In base 14, what is -4c58a + -211?
-4c79b
In base 5, what is 20 + -1112204343?
-1112204323
In base 4, what is -23 + 212233201230?
212233201201
In base 9, what is 2 - 106326083?
-106326081
In base 7, what is -4 + 311206031?
311206024
In base 13, what is 44036 + 14?
4404a
In base 16, what is -34e1c + -7f?
-34e9b
In base 12, what is -2 + -44043918?
-4404391a
In base 14, what is 11 - -16c2292?
16c22a3
In base 10, what is -232 + -248553?
-248785
In base 8, what is 13 - 125564033?
-125564020
In base 6, what is 14441051 - -2034?
14443125
In base 5, what is 204 + -2234114402?
-2234114143
In base 11, what is -4 + 31985a7?
31985a3
In base 7, what is 1 + -1300340205?
-1300340204
In base 8, what is 140667 + 106?
140775
In base 11, what is -2a02 - 45719?
-48620
In base 15, what is 6c + 843749?
8437b6
In base 14, what is 16 - -2caa6a6?
2caa6bc
In base 11, what is 24135 + 1188?
25312
In base 6, what is 20501355 + -5?
20501350
In base 7, what is 516200 - -3?
516203
In base 6, what is 2255422 + -444?
2254534
In base 9, what is 303 + -157050?
-156646
In base 2, what is -1100000111110110011101000 + -11?
-1100000111110110011101011
In base 7, what is 2 + -1036521645?
-1036521643
In base 14, what is -1b4431 - -5?
-1b442a
In base 10, what is 0 + -34732405?
-34732405
In base 4, what is 211 - 1111000?
-1110123
In base 5, what is 304022212442 + 10?
304022213002
In base 5, what is 2 - -20123412340?
20123412342
In base 16, what is 96 + -2c6a9?
-2c613
In base 5, what is 121233 - 2404134?
-2232401
In base 4, what is -3211213 + -13011?
-3230230
In base 7, what is 21336430 + 426?
21340156
In base 14, what is -275957 - -3?
-275954
In base 5, what is -101100141300 + -4?
-101100141304
In base 8, what is -17116 - -424?
-16472
In base 12, what is -1485157 - -5?
-1485152
In base 4, what is 223 - -103031310?
103032133
In base 9, what is -38 - 4883186?
-4883235
In base 4, what is 23112312023 + -10?
23112312013
In base 12, what is 45904 - 178?
45748
In base 7, what is -1 - 52211564?
-52211565
In base 10, what is 3416 - -1699?
5115
In base 16, what is -105 - e8?
-1ed
In base 10, what is -78057 - -118?
-77939
In base 15, what is -153d0 - -1d5?
-151ea
In base 15, what is 52a4e + -6?
52a48
In base 6, what is -32214132303 - -5?
-32214132254
In base 5, what is -24021240 + -310?
-24022100
In base 14, what is 58 + -54ca58?
-54ca00
In base 12, what is -233 + 614b?
5b18
In base 2, what is -10110101 - -10010011001100110?
10010010110110001
In base 10, what is -1248 - -50153?
48905
In base 8, what is 501665 - -10174?
512061
In base 11, what is 1571356 + -2?
1571354
In base 13, what is -8 - b5521?
-b5529
In base 9, what is 228 - 830155?
-828826
In base 13, what is ccb938 + 19?
ccb954
In base 4, what is -322223 + 200013?
-122210
In base 4, what is -1302010001323 - -3?
-1302010001320
In base 5, what is -12113311142 + -2?
-12113311144
In base 15, what is -329042 - -11?
-329031
In base 12, what is -222552 + 11?
-222541
In base 4, what is -213 - 311032223?
-311033102
In base 12, what is -1336557 + 1?
-1336556
In base 15, what is a0ec31 + -5?
a0ec2b
In base 2, what is -1100001110110110011011101100 - 0?
-1100001110110110011011101100
In base 8, what is -6 - -103354417?
103354411
In base 6, what is 50201304 + 10?
50201314
In base 4, what is 330302 + -13113?
311123
In base 16, what is -5544 - -2b20?
-2a24
In base 15, what is -2e84906 + -2?
-2e84908
In base 15, what is -21051 - -7c?
-20ec4
In base 11, what is -44737a9 + 11?
-4473798
In base 11, what is 748749a - -6?
74874a5
In base 13, what is 4 - 28322a?
-283226
In base 12, what is 17 - -1958b45?
1958b60
In base 14, what is 8 - 436d1b?
-436d13
In base 2, what is 10111011010001011111110 - 1?
10111011010001011111101
In base 14, what is 82320 + 18?
82338
In base 4, what is 3 - -30012012212221?
30012012212230
In base 8, what is -21 + 6140063?
6140042
In base 8, what is -3 - -136002510?
136002505
In base 12, what is -2 - 571144?
-571146
In base 6, what is -53243440 + -2?
-53243442
In base 8, what is -6352 - 10372?
-16744
In base 8, what is -75 + -1164177?
-1164274
In base 14, what is 4 - 44042?
-4403c
In base 14, what is -b68abd5 - 19?
-b68ac10
In base 16, what is -5 - -21ecde?
21ecd9
In base 9, what is 127647 + 27?
127675
In base 2, what is -1 - 1110010110110100111111?
-1110010110110101000000
In base 16, what is -1635 - d59c?
-ebd1
In base 3, what is 1121002 - -1012122122?
1021020201
In base 11, what is -73 - -48053?
47a90
In base 8, what is -713176673 + 4?
-713176667
In base 11, what is -a - 10126847?
-10126856
In base 8, what is -113 + 1763445?
1763332
In base 4, what is 12 - -31321033031?
31321033103
In base 16, what is da75 - 31?
da44
In base 14, what is -7 + 78a08d?
78a086
In base 8, what is 11375204 - -363?
11375567
In base 16, what is 2146859 + 7?
2146860
In base 12, what is -91 + -1aa308?
-1aa399
In base 11, what is -2 + 5621936?
5621934
In base 13, what is 1a06b8 + 392?
1a0a7a
In base 15, what is 1 + -1c5a7e9?
-1c5a7e8
In base 6, what is -1 - -142355045?
142355044
In base 10, what is -254513 + -82?
-254595
In base 8, what is 17237 - 1225?
16012
In base 14, what is -1d2 - 159d?
-1791
In base 12, what is -23a96 - 23?
-23ab9
In base 16, what is 4fd0e5 - -19?
4fd0fe
In base 9, what is -226637 + 1576?
-225051
In base 11, what is 225 + -35585?
-35360
In base 10, what is -39798 - 10?
-39808
In base 10, what is 0 - -5783435?
5783435
In base 12, what is -277569 + 72?
-2774b7
In base 4, what is -1201 + 2121311030?
2121303223
In base 11, what is -90967558 + 4?
-90967554
In base 5, what is -1244 + -2432423?
-2434222
In base 15, what is 106da9 - 261?
106b48
In base 9, what is -33 - 3253786?
-3253830
In base 12, what is 3 - 72496?
-72493
In base 16, what is 18 + -2123?
-210b
In base 12, what is -8 - -3b15b5a?
3b15b52
In base 3, what is 112110 + 2020001101?
2020120211
In base 14, what is -199d9 + 210?
-197c9
In base 7, what is 24 - 30045130?
-30045103
In base 3, what is -2122 - 2121202110?
-2121212002
In base 10, what is -7743 + 8504?
761
In base 6, what is 1132255352 - -3?
1132255355
In base 16, what is -223 - 3e1b5?
-3e3d8
In base 12, what is -abb - 45380?
-4627b
In base 2, what is -1001100 + 1010111111000000?
1010111101110100
In base 4, what is -321220212 - 120220?
-322001032
In base 11, what is 0 - 8a91170?
-8a91170
In base 12, what is 407b3 - 8035?
3477a
In base 12, what is 144897 - -17?
1448b2
In base 14, what is -12 + 73bdc?
73bca
In base 16, what is -1b - -4d2f?
4d14
In base 4, what is -22013 - -1031?
-20322
In base 5, what is -1 + -21241041?
-21241042
In base 8, what is 3 + -11515704?
-11515701
In base 10, what is 79365799 - 2?
79365797
I